z(-2). Suppose -3*o + 8 = 2. Let b = o - u. Calculate the remainder when 3 is divided by b.
1
Let o = 62 - 56. What is the remainder when o is divided by 4?
2
Let f be (-22)/3*(-36)/(-24). Let g = f - -23. Calculate the remainder when 43 is divided by g.
7
Let o = -129 - -222. Suppose o = 4*g - g. Calculate the remainder when g is divided by 11.
9
Let g(k) = 2*k - 8. Let t be g(6). Suppose 76 = 4*m + 8*x - 4*x, 2*m = t*x + 14. Suppose 0 = 4*p + 2 - 34. Calculate the remainder when m is divided by p.
7
Let o be 34*2/((-4)/(-1)). Let n = 28 - o. Suppose 0 = -3*r + 47 + 49. Calculate the remainder when r is divided by n.
10
Let y(h) = h**2 - 5*h + 7. Let p = -21 + 29. Let c = -5 + p. What is the remainder when y(5) is divided by c?
1
Suppose 4*g = 3*a - 76, -8 = -5*g + g. Let z = -46 + a. Calculate the remainder when ((-14)/(-3))/((-4)/z) is divided by 11.
10
Suppose -2*w + 6 = 0, 2*w - 41 = -2*s + 3*w. Suppose 5*a = 21 + 39. What is the remainder when s is divided by a?
10
Suppose -35 = -4*m + 3*g, -2*m = 3*g + g - 12. What is the remainder when 13 is divided by m?
5
Suppose 0 = -4*v + 14 + 26. Calculate the remainder when v is divided by 5 - ((-2)/2)/(-1).
2
Let v be 0 - (2 - 1 - 3). Suppose -p + 48 = v*p. Suppose 2*j = 4 + 14. Calculate the remainder when p is divided by j.
7
Suppose 4*w = 5*c - 263, c + 4*w - 14 - 29 = 0. Calculate the remainder when c is divided by 18.
15
Let i = -33 + 17. Let r = i + 29. What is the remainder when 49 is divided by r?
10
What is the remainder when (-18)/81 - (-2027)/9 is divided by 19?
16
Let t(h) = h**3 + 2*h**2. Let v be t(-1). Suppose 2*o + v = 7. What is the remainder when (0 - 1)/(2/(-12)) is divided by o?
0
Let n be (8/(-7))/(4/(-14)). Suppose 0*v = -2*p + n*v + 22, 0 = 4*p + 3*v - 66. Calculate the remainder when 172/6 - (-1)/3 is divided by p.
14
Let b = 5 - -8. Let z(j) = -j**3 - 3*j**2 - j + 3. Calculate the remainder when z(-4) is divided by b.
10
Let c be 8/6*(10 - 7). Suppose 5*p - c*p = 8. Suppose 4*a - 60 + p = 0. What is the remainder when 38 is divided by a?
12
Suppose 4*c = 5*i - 28, -2*i - 2*c = 2*c. Suppose t = -2*t + i*u + 39, t - 12 = u. What is the remainder when 26 is divided by t?
8
Let a(x) = -x**3 - 14*x**2 + x + 14. Let u be a(-14). Let m(d) = -d + 27. Calculate the remainder when 80 is divided by m(u).
26
Let k = 83 - -75. Calculate the remainder when k is divided by 20.
18
Calculate the remainder when 120/(-24) + 1*57 is divided by 14.
10
Let h = 3 + -4. Let g be (-2 + h + 2)*3. Let q = 10 + g. What is the remainder when 19 is divided by q?
5
Let j be 6 - (0/(-1) + -2). Suppose j = -0*b + b. Calculate the remainder when 23 is divided by b.
7
Calculate the remainder when 208 is divided by -25*(124/(-20) - -5).
28
Let h(o) = o**2 + 4*o + 8. Let u be h(-6). Suppose -3*i - u + 95 = 0. Calculate the remainder when i is divided by 2/(8/26)*2.
12
Let x = 22 + 6. Calculate the remainder when 55 is divided by x.
27
Let f = -9 + 24. What is the remainder when 117 is divided by f?
12
Suppose -15 = 4*y + 3*m, 8*y = 3*y + 3*m + 15. Suppose y*o + 3*p - 2 = o, o = -p - 2. What is the remainder when 0 + (-1*12)/o is divided by 4?
2
Suppose 0 = -4*j + 16, 5*o + 574 + 448 = 3*j. Calculate the remainder when o/(-6) + (-22)/33 is divided by 18.
15
Let t = -201 - -307. Calculate the remainder when t is divided by 19.
11
Suppose 0 = -4*j + 20, 4 = z - 4*j + j. What is the remainder when z is divided by 11?
8
Let t(g) be the third derivative of g**4/24 - g**2. Suppose 2 = -3*n + 5. What is the remainder when t(n) is divided by 1?
0
Let a(n) = 15*n + 2. Let m(v) = 46*v + 6. Let w(b) = 11*a(b) - 4*m(b). Let x be w(-5). Calculate the remainder when (x/(-6))/((-1)/2) is divided by 16.
15
Let m = 1 - -1. Let t be 4 + 2*(-1)/(-2). Suppose r + g = t*g + 10, 0 = 5*r - 3*g - 16. What is the remainder when r is divided by m?
0
Suppose 40 = -5*f + 9*f. Calculate the remainder when 96 is divided by f.
6
Let k = 3 - 1. Let q = k - -3. Suppose 5*i - q*c = -10*c + 125, 3*i = c + 75. Calculate the remainder when i is divided by 14.
11
Suppose 0*d + 24 = 4*d. What is the remainder when 13 is divided by d?
1
Let i(h) = h**3 + h**2 - h - 2. Let y be i(2). Let w = 26 - y. Calculate the remainder when 53 is divided by w.
17
Let h(l) = l**2 + 8. Let g(z) = -68*z + 1. Calculate the remainder when g(-1) is divided by h(-2).
9
Let i = 5 + -2. Let z = -52 + 63. What is the remainder when z is divided by i?
2
Let u = 42 - 24. What is the remainder when u is divided by 10?
8
Suppose 15*t - 13*t - 96 = 0. Calculate the remainder when t is divided by 17.
14
Let i = 15 - 8. Let s(m) = -m**3 - 2*m**2 + 6*m + 5. Let o be s(-3). Let l = i - o. What is the remainder when l is divided by 6?
5
Suppose 7*k - 118 = 57. What is the remainder when 74 is divided by k?
24
Calculate the remainder when 2640/28 + (-8)/28 is divided by 33.
28
Let v(z) = 6*z - 1 + 5 + 2 - z**2 + 4*z. Let j be v(10). Calculate the remainder when 4*(135/j)/3 is divided by 8.
6
Let j = 66 + -64. What is the remainder when 10 is divided by j?
0
Let n(m) = -m**2 - m + 2. Suppose -4*j + 4*p + 24 = 0, -j - 3*p = 5 + 5. Let t be n(j). Let y = 2 - t. Calculate the remainder when 11 is divided by y.
5
Let l be 1/(-3) + 10/3. Suppose -21 = -3*x + l. Calculate the remainder when x is divided by 5.
3
Suppose -23*g + 10 = -22*g. Calculate the remainder when g is divided by 4.
2
Calculate the remainder when 21 is divided by 2/(-4) - (-66)/12.
1
Let a(p) = p**3 - 5*p**2 + 7*p - 5. Let z be a(4). Suppose -5*y + 48 = -z. Calculate the remainder when y is divided by 3.
2
Let i(d) = 4*d**2 - d - 3. What is the remainder when 40 is divided by i(2)?
7
What is the remainder when 45 is divided by (2/(-4))/(8/(-256))?
13
Let v = -2 + 14. Calculate the remainder when 21 is divided by v.
9
Let v = -5 + 8. Suppose -4 = 4*l - 3*l - 3*m, 5*l - v*m = 16. Calculate the remainder when 19 is divided by l.
4
Let w(u) = -u**3 - 6*u**2 + 6*u + 7. Let i be w(-6). Let s = -14 - i. Calculate the remainder when 57 is divided by s.
12
Suppose -l + 4*u = l - 60, -2*l - u = -50. Calculate the remainder when l is divided by -18*(-2 - 6/(-4)).
8
Let a be (-10)/(-1) - 2/1. Suppose a*x - 4*c - 21 = 3*x, 0 = x + 5*c - 10. Suppose -x = -5*h + 5. What is the remainder when 3 is divided by h?
1
Let x(r) = 4 - r + 4 + 1. What is the remainder when 4 + 2/(0 - -2) is divided by x(7)?
1
Suppose f = -f. Let m = 81 + -13. Suppose 2*b = -f*b + m. What is the remainder when b is divided by 12?
10
Let d(t) = t**3 - 4*t**2 - 2*t + 6. Let q = -49 + 89. Calculate the remainder when q is divided by d(5).
19
Suppose 89 = 6*d - 73. What is the remainder when 77 is divided by d?
23
Suppose 5*i - 9*i + 4 = 0. Suppose 3*f - 51 = -3*k, -i = -2*f - 7. Let p = 5 - -2. What is the remainder when k is divided by p?
6
Let y(o) = 4*o - 6. What is the remainder when ((-4)/(-6))/(2/84) is divided by y(4)?
8
Let i(z) = 9*z**2 + 3. Let j(q) = -19*q**2 - q - 6. Let k(u) = -7*i(u) - 4*j(u). What is the remainder when k(-2) is divided by 16?
15
Let y(b) = -3*b**2 - 6*b - 6. Let f(w) = -w - 1. Let z(a) = -6*f(a) + y(a). Let x be z(-1). Calculate the remainder when 31 is divided by (-47)/x + 1/3.
15
Suppose -3*v + 27 = -252. Calculate the remainder when v is divided by 33.
27
Suppose -35*i - 42 = -37*i. What is the remainder when i is divided by 0/2 + 0 - -11?
10
Let z = 10 - 0. Suppose 4*m + z = -m. Calculate the remainder when 11 is divided by -2*(-1 - m)*-2.
3
Suppose -r = 3*h - 68, 5*h + 2*r - 6*r - 136 = 0. What is the remainder when 91 is divided by h?
19
Let a(f) = -f - 3. Let j be a(-7). Suppose m + j*m = 25. Suppose -31 = m*o - 116. What is the remainder when 50 is divided by o?
16
Suppose -y = -4*y + 15. Suppose 0 = -y*s + 3*s + z + 37, 5*s - 90 = 2*z. Calculate the remainder when 61 is divided by s.
13
Suppose 524 = -4*z + 160. Let m = -32 - z. What is the remainder when m is divided by 15?
14
Let q(u) = 2*u**2 - 2*u - 2. Suppose r + r = 20. What is the remainder when q(-2) is divided by (-6)/r - (-66)/10?
4
Let z(t) = 12*t**3 - t**2 - t + 2. Let f(q) = q**2 + 4*q + 2. Calculate the remainder when f(5) is divided by z(1).
11
Let v(g) = 5*g - 3. Calculate the remainder when v(4) is divided by 9.
8
Let v(l) be the third derivative of l